{"id":875,"date":"2014-12-04T09:45:12","date_gmt":"2014-12-04T09:45:12","guid":{"rendered":"http:\/\/localhost\/?page_id=875"},"modified":"2023-10-12T12:03:11","modified_gmt":"2023-10-12T12:03:11","slug":"szakkepzes","status":"publish","type":"page","link":"https:\/\/www.gardonyimor.hu\/?page_id=875","title":{"rendered":"Szakk\u00e9pz\u00e9s"},"content":{"rendered":"\n<p><strong>Kerti munk\u00e1s<\/strong><\/p>\n\n\n\n<p><strong>Munkater\u00fclet jellemz\u00e9se: <\/strong><\/p>\n\n\n\n<p>A kerti munk\u00e1s a h\u00e1z k\u00f6r\u00fcli \u00e9s h\u00e1zt\u00e1ji kertekben, \u00e1rutermel\u0151\nkertekben v\u00e9gezhet alapvet\u0151 kert\u00e9szeti tev\u00e9kenys\u00e9get. Gy\u00fcm\u00f6lcstermel\u0151\nn\u00f6v\u00e9nyeket, sz\u0151l\u0151t, z\u00f6lds\u00e9gn\u00f6v\u00e9nyeket telep\u00edt, elv\u00e9gzi a felnevel\u00e9s\u00fck alapvet\u0151 munk\u00e1it,\na term\u0151kor\u00fa gy\u00fcm\u00f6lcsf\u00e1k \u00e9s a sz\u0151l\u0151 fenntart\u00f3-karbantart\u00f3 technol\u00f3giai\nm\u0171veleteit, az \u00e9ves \u00e1pol\u00e1si munk\u00e1kat. A kerti haszonn\u00f6v\u00e9nyeket szakszer\u0171en\nbetakar\u00edtja.<\/p>\n\n\n\n<p>A r\u00e9szszakk\u00e9pes\u00edt\u00e9ssel rendelkez\u0151 k\u00e9pes:<\/p>\n\n\n\n<p>&#8211;\ngy\u00fcm\u00f6lcstermeszt\u00e9si feladatokat ell\u00e1tni<\/p>\n\n\n\n<p>&#8211; sz\u0151l\u0151termeszt\u00e9si\nfeladatokat ell\u00e1tni<\/p>\n\n\n\n<p>&#8211;\nz\u00f6lds\u00e9gtermeszt\u00e9si feladatokat ell\u00e1tni<\/p>\n\n\n\n<p>&#8211; eszk\u00f6z\u00f6ket\nhaszn\u00e1lni \u00e9s karbantartani<\/p>\n\n\n\n<figure class=\"wp-block-gallery columns-2 is-cropped wp-block-gallery-1 is-layout-flex wp-block-gallery-is-layout-flex\"><ul class=\"blocks-gallery-grid\"><li class=\"blocks-gallery-item\"><figure><a href=\"https:\/\/www.gardonyimor.hu\/wp-content\/uploads\/2023\/10\/bemutatkozas5.jpg\"><img loading=\"lazy\" decoding=\"async\" width=\"150\" height=\"150\" src=\"https:\/\/www.gardonyimor.hu\/wp-content\/uploads\/2023\/10\/bemutatkozas5.jpg\" alt=\"\" data-id=\"21807\" data-link=\"https:\/\/www.gardonyimor.hu\/?attachment_id=21807\" class=\"wp-image-21807\"\/><\/a><\/figure><\/li><li class=\"blocks-gallery-item\"><figure><a href=\"https:\/\/www.gardonyimor.hu\/wp-content\/uploads\/2023\/10\/bemutatkozas4.jpg\"><img loading=\"lazy\" decoding=\"async\" width=\"150\" height=\"150\" src=\"https:\/\/www.gardonyimor.hu\/wp-content\/uploads\/2023\/10\/bemutatkozas4.jpg\" alt=\"\" data-id=\"21808\" data-link=\"https:\/\/www.gardonyimor.hu\/?attachment_id=21808\" class=\"wp-image-21808\"\/><\/a><\/figure><\/li><li class=\"blocks-gallery-item\"><figure><a href=\"https:\/\/www.gardonyimor.hu\/wp-content\/uploads\/2023\/10\/bemutatkozas3.jpg\"><img loading=\"lazy\" decoding=\"async\" width=\"150\" height=\"150\" src=\"https:\/\/www.gardonyimor.hu\/wp-content\/uploads\/2023\/10\/bemutatkozas3.jpg\" alt=\"\" data-id=\"21809\" data-link=\"https:\/\/www.gardonyimor.hu\/?attachment_id=21809\" class=\"wp-image-21809\"\/><\/a><\/figure><\/li><li class=\"blocks-gallery-item\"><figure><a href=\"https:\/\/www.gardonyimor.hu\/wp-content\/uploads\/2023\/10\/bemutatkozas6.jpg\"><img loading=\"lazy\" decoding=\"async\" width=\"932\" height=\"525\" src=\"https:\/\/www.gardonyimor.hu\/wp-content\/uploads\/2023\/10\/bemutatkozas6.jpg\" alt=\"\" data-id=\"21810\" data-full-url=\"https:\/\/www.gardonyimor.hu\/wp-content\/uploads\/2023\/10\/bemutatkozas6.jpg\" data-link=\"https:\/\/www.gardonyimor.hu\/?attachment_id=21810\" class=\"wp-image-21810\" srcset=\"https:\/\/www.gardonyimor.hu\/wp-content\/uploads\/2023\/10\/bemutatkozas6.jpg 932w, https:\/\/www.gardonyimor.hu\/wp-content\/uploads\/2023\/10\/bemutatkozas6-300x169.jpg 300w, https:\/\/www.gardonyimor.hu\/wp-content\/uploads\/2023\/10\/bemutatkozas6-768x433.jpg 768w\" sizes=\"auto, (max-width: 932px) 100vw, 932px\" \/><\/a><\/figure><\/li><\/ul><\/figure>\n","protected":false},"excerpt":{"rendered":"<p>Kerti munk\u00e1s Munkater\u00fclet jellemz\u00e9se: A kerti munk\u00e1s a h\u00e1z k\u00f6r\u00fcli \u00e9s h\u00e1zt\u00e1ji kertekben, \u00e1rutermel\u0151 kertekben v\u00e9gezhet alapvet\u0151 kert\u00e9szeti tev\u00e9kenys\u00e9get. Gy\u00fcm\u00f6lcstermel\u0151 n\u00f6v\u00e9nyeket, sz\u0151l\u0151t, z\u00f6lds\u00e9gn\u00f6v\u00e9nyeket telep\u00edt, elv\u00e9gzi a felnevel\u00e9s\u00fck alapvet\u0151 munk\u00e1it, a term\u0151kor\u00fa gy\u00fcm\u00f6lcsf\u00e1k \u00e9s a sz\u0151l\u0151 fenntart\u00f3-karbantart\u00f3 technol\u00f3giai m\u0171veleteit, az \u00e9ves \u00e1pol\u00e1si munk\u00e1kat. A kerti haszonn\u00f6v\u00e9nyeket szakszer\u0171en betakar\u00edtja. A r\u00e9szszakk\u00e9pes\u00edt\u00e9ssel rendelkez\u0151 k\u00e9pes: &#8211; gy\u00fcm\u00f6lcstermeszt\u00e9si feladatokat ell\u00e1tni [&hellip;]<\/p>\n","protected":false},"author":1,"featured_media":0,"parent":877,"menu_order":0,"comment_status":"closed","ping_status":"open","template":"","meta":{"footnotes":""},"class_list":["post-875","page","type-page","status-publish","hentry"],"_links":{"self":[{"href":"https:\/\/www.gardonyimor.hu\/index.php?rest_route=\/wp\/v2\/pages\/875","targetHints":{"allow":["GET"]}}],"collection":[{"href":"https:\/\/www.gardonyimor.hu\/index.php?rest_route=\/wp\/v2\/pages"}],"about":[{"href":"https:\/\/www.gardonyimor.hu\/index.php?rest_route=\/wp\/v2\/types\/page"}],"author":[{"embeddable":true,"href":"https:\/\/www.gardonyimor.hu\/index.php?rest_route=\/wp\/v2\/users\/1"}],"replies":[{"embeddable":true,"href":"https:\/\/www.gardonyimor.hu\/index.php?rest_route=%2Fwp%2Fv2%2Fcomments&post=875"}],"version-history":[{"count":15,"href":"https:\/\/www.gardonyimor.hu\/index.php?rest_route=\/wp\/v2\/pages\/875\/revisions"}],"predecessor-version":[{"id":21811,"href":"https:\/\/www.gardonyimor.hu\/index.php?rest_route=\/wp\/v2\/pages\/875\/revisions\/21811"}],"up":[{"embeddable":true,"href":"https:\/\/www.gardonyimor.hu\/index.php?rest_route=\/wp\/v2\/pages\/877"}],"wp:attachment":[{"href":"https:\/\/www.gardonyimor.hu\/index.php?rest_route=%2Fwp%2Fv2%2Fmedia&parent=875"}],"curies":[{"name":"wp","href":"https:\/\/api.w.org\/{rel}","templated":true}]}}