{"id":887,"date":"2014-12-04T10:27:38","date_gmt":"2014-12-04T10:27:38","guid":{"rendered":"http:\/\/localhost\/?page_id=887"},"modified":"2023-04-25T08:44:22","modified_gmt":"2023-04-25T08:44:22","slug":"szakkorok","status":"publish","type":"page","link":"https:\/\/www.gardonyimor.hu\/?page_id=887","title":{"rendered":"Szakk\u00f6r\u00f6k"},"content":{"rendered":"<p><span style=\"text-decoration: underline;\">Tehets\u00e9ggondoz\u00f3 szakk\u00f6r<\/span><\/p>\n<p class=\"tartalom\" style=\"text-align: left;\">Heti egy alkalommal tartjuk a szakk\u00f6ri foglalkoz\u00e1sokat. Ekkor f\u0151leg matematikai feladatokat, rejtv\u00e9nyeket oldunk meg.<\/p>\n<p><span style=\"text-decoration: underline;\">Sakk szakk\u00f6r<\/span><\/p>\n<p class=\"tartalom\" style=\"text-align: justify;\">A sakk-szakoszt\u00e1lyt vezet\u0151 sz\u00fcl\u0151, Horv\u00e1th Mikl\u00f3s seg\u00edts\u00e9g\u00e9vel a gyerekek megismerkednek a j\u00e1t\u00e9kkal, versenyeznek, \u00e9s mindek\u00f6zben fejl\u0151dik logikai k\u00e9szs\u00e9g\u00fck is.<\/p>\n<p><span style=\"text-decoration: underline;\">Roma szakk\u00f6r<\/span><\/p>\n<p class=\"tartalom\" style=\"text-align: justify;\">Di\u00e1kjaink megismerik a roma kult\u00far\u00e1t, t\u00e1ncot, k\u00f6lt\u00e9szetet, zen\u00e9t. Az egy\u00fctt t\u00f6lt\u00f6tt id\u0151 lehet\u0151s\u00e9get ny\u00fajt besz\u00e9lget\u00e9sre, a probl\u00e9m\u00e1k megvitat\u00e1s\u00e1ra. Sz\u00edvesen csatlakoznak nem roma sz\u00e1rmaz\u00e1s\u00fa tanul\u00f3k is.<\/p>\n<p><span style=\"text-decoration: underline;\">G\u00e9p\u00edr\u00e1s szakk\u00f6r<\/span><\/p>\n<p class=\"tartalom\">A g\u00e9p\u00edr\u00e1s technik\u00e1j\u00e1nak megismertet\u00e9se \u00e9s begyakorl\u00e1sa.<\/p>\n","protected":false},"excerpt":{"rendered":"<p>Tehets\u00e9ggondoz\u00f3 szakk\u00f6r Heti egy alkalommal tartjuk a szakk\u00f6ri foglalkoz\u00e1sokat. Ekkor f\u0151leg matematikai feladatokat, rejtv\u00e9nyeket oldunk meg. Sakk szakk\u00f6r A sakk-szakoszt\u00e1lyt vezet\u0151 sz\u00fcl\u0151, Horv\u00e1th Mikl\u00f3s seg\u00edts\u00e9g\u00e9vel a gyerekek megismerkednek a j\u00e1t\u00e9kkal, versenyeznek, \u00e9s mindek\u00f6zben fejl\u0151dik logikai k\u00e9szs\u00e9g\u00fck is. Roma szakk\u00f6r Di\u00e1kjaink megismerik a roma kult\u00far\u00e1t, t\u00e1ncot, k\u00f6lt\u00e9szetet, zen\u00e9t. Az egy\u00fctt t\u00f6lt\u00f6tt id\u0151 lehet\u0151s\u00e9get ny\u00fajt besz\u00e9lget\u00e9sre, a [&hellip;]<\/p>\n","protected":false},"author":1,"featured_media":0,"parent":877,"menu_order":0,"comment_status":"closed","ping_status":"open","template":"","meta":{"footnotes":""},"class_list":["post-887","page","type-page","status-publish","hentry"],"_links":{"self":[{"href":"https:\/\/www.gardonyimor.hu\/index.php?rest_route=\/wp\/v2\/pages\/887","targetHints":{"allow":["GET"]}}],"collection":[{"href":"https:\/\/www.gardonyimor.hu\/index.php?rest_route=\/wp\/v2\/pages"}],"about":[{"href":"https:\/\/www.gardonyimor.hu\/index.php?rest_route=\/wp\/v2\/types\/page"}],"author":[{"embeddable":true,"href":"https:\/\/www.gardonyimor.hu\/index.php?rest_route=\/wp\/v2\/users\/1"}],"replies":[{"embeddable":true,"href":"https:\/\/www.gardonyimor.hu\/index.php?rest_route=%2Fwp%2Fv2%2Fcomments&post=887"}],"version-history":[{"count":1,"href":"https:\/\/www.gardonyimor.hu\/index.php?rest_route=\/wp\/v2\/pages\/887\/revisions"}],"predecessor-version":[{"id":892,"href":"https:\/\/www.gardonyimor.hu\/index.php?rest_route=\/wp\/v2\/pages\/887\/revisions\/892"}],"up":[{"embeddable":true,"href":"https:\/\/www.gardonyimor.hu\/index.php?rest_route=\/wp\/v2\/pages\/877"}],"wp:attachment":[{"href":"https:\/\/www.gardonyimor.hu\/index.php?rest_route=%2Fwp%2Fv2%2Fmedia&parent=887"}],"curies":[{"name":"wp","href":"https:\/\/api.w.org\/{rel}","templated":true}]}}